{"version":"1.0","provider_name":"Club Monta&ntilde;ero Sierra del Pinar","provider_url":"https:\/\/clubsierradelpinar.es","author_name":"Club Monta\u00f1ero Sierra del Pinar","author_url":"https:\/\/clubsierradelpinar.es\/index.php\/author\/club\/","title":"I Gala Provincial del Monta\u00f1ismo en C\u00e1diz","type":"rich","width":600,"height":338,"html":"<blockquote class=\"wp-embedded-content\" data-secret=\"wgFAbPazoG\"><a href=\"https:\/\/clubsierradelpinar.es\/index.php\/2022\/01\/22\/i-gala-provincial-del-montanismo-en-cadiz\/\">I Gala Provincial del Monta\u00f1ismo en C\u00e1diz<\/a><\/blockquote><iframe sandbox=\"allow-scripts\" security=\"restricted\" src=\"https:\/\/clubsierradelpinar.es\/index.php\/2022\/01\/22\/i-gala-provincial-del-montanismo-en-cadiz\/embed\/#?secret=wgFAbPazoG\" width=\"600\" height=\"338\" title=\"\u00abI Gala Provincial del Monta\u00f1ismo en C\u00e1diz\u00bb \u2014 Club Monta&ntilde;ero Sierra del Pinar\" data-secret=\"wgFAbPazoG\" frameborder=\"0\" marginwidth=\"0\" marginheight=\"0\" scrolling=\"no\" class=\"wp-embedded-content\"><\/iframe><script type=\"text\/javascript\">\n\/* <![CDATA[ *\/\n\/*! This file is auto-generated *\/\n!function(d,l){\"use strict\";l.querySelector&&d.addEventListener&&\"undefined\"!=typeof URL&&(d.wp=d.wp||{},d.wp.receiveEmbedMessage||(d.wp.receiveEmbedMessage=function(e){var t=e.data;if((t||t.secret||t.message||t.value)&&!\/[^a-zA-Z0-9]\/.test(t.secret)){for(var s,r,n,a=l.querySelectorAll('iframe[data-secret=\"'+t.secret+'\"]'),o=l.querySelectorAll('blockquote[data-secret=\"'+t.secret+'\"]'),c=new RegExp(\"^https?:$\",\"i\"),i=0;i<o.length;i++)o[i].style.display=\"none\";for(i=0;i<a.length;i++)s=a[i],e.source===s.contentWindow&&(s.removeAttribute(\"style\"),\"height\"===t.message?(1e3<(r=parseInt(t.value,10))?r=1e3:~~r<200&&(r=200),s.height=r):\"link\"===t.message&&(r=new URL(s.getAttribute(\"src\")),n=new URL(t.value),c.test(n.protocol))&&n.host===r.host&&l.activeElement===s&&(d.top.location.href=t.value))}},d.addEventListener(\"message\",d.wp.receiveEmbedMessage,!1),l.addEventListener(\"DOMContentLoaded\",function(){for(var e,t,s=l.querySelectorAll(\"iframe.wp-embedded-content\"),r=0;r<s.length;r++)(t=(e=s[r]).getAttribute(\"data-secret\"))||(t=Math.random().toString(36).substring(2,12),e.src+=\"#?secret=\"+t,e.setAttribute(\"data-secret\",t)),e.contentWindow.postMessage({message:\"ready\",secret:t},\"*\")},!1)))}(window,document);\n\/\/# sourceURL=https:\/\/clubsierradelpinar.es\/wp-includes\/js\/wp-embed.min.js\n\/* ]]> *\/\n<\/script>\n","thumbnail_url":"https:\/\/clubsierradelpinar.es\/wp-content\/uploads\/2022\/01\/gala-famcadiz_01.jpg","thumbnail_width":1280,"thumbnail_height":960,"description":"El Centro Cultural Convento de Santo Domingo, en Alcal\u00e1 de los Gazules (C\u00e1diz) acogi\u00f3 el pasado viernes 21 de enero la 1\u00aa Gala Provincial del Monta\u00f1ismo de la Delegaci\u00f3n de la Federaci\u00f3n Andaluza de Deportes de Monta\u00f1a, Escalada y Senderismo (FAM), evento con el que se ha clausurado el a\u00f1o monta\u00f1ero 2021 y en el que han reconocido a las instituciones, clubes y deportistas su trayectoria y logros."}

Club Montañero Sierra del Pinar

I Gala Provincial del Montañismo en Cádiz

<blockquote class="wp-embedded-content" data-secret="wgFAbPazoG"><a href="https://clubsierradelpinar.es/index.php/2022/01/22/i-gala-provincial-del-montanismo-en-cadiz/">I Gala Provincial del Montañismo en Cádiz</a></blockquote><iframe sandbox="allow-scripts" security="restricted" src="https://clubsierradelpinar.es/index.php/2022/01/22/i-gala-provincial-del-montanismo-en-cadiz/embed/#?secret=wgFAbPazoG" width="600" height="338" title="«I Gala Provincial del Montañismo en Cádiz» — Club Monta&ntilde;ero Sierra del Pinar" data-secret="wgFAbPazoG" frameborder="0" marginwidth="0" marginheight="0" scrolling="no" class="wp-embedded-content"></iframe><script type="text/javascript">
/* <![CDATA[ */
/*! This file is auto-generated */
!function(d,l){"use strict";l.querySelector&&d.addEventListener&&"undefined"!=typeof URL&&(d.wp=d.wp||{},d.wp.receiveEmbedMessage||(d.wp.receiveEmbedMessage=function(e){var t=e.data;if((t||t.secret||t.message||t.value)&&!/[^a-zA-Z0-9]/.test(t.secret)){for(var s,r,n,a=l.querySelectorAll('iframe[data-secret="'+t.secret+'"]'),o=l.querySelectorAll('blockquote[data-secret="'+t.secret+'"]'),c=new RegExp("^https?:$","i"),i=0;i<o.length;i++)o[i].style.display="none";for(i=0;i<a.length;i++)s=a[i],e.source===s.contentWindow&&(s.removeAttribute("style"),"height"===t.message?(1e3<(r=parseInt(t.value,10))?r=1e3:~~r<200&&(r=200),s.height=r):"link"===t.message&&(r=new URL(s.getAttribute("src")),n=new URL(t.value),c.test(n.protocol))&&n.host===r.host&&l.activeElement===s&&(d.top.location.href=t.value))}},d.addEventListener("message",d.wp.receiveEmbedMessage,!1),l.addEventListener("DOMContentLoaded",function(){for(var e,t,s=l.querySelectorAll("iframe.wp-embedded-content"),r=0;r<s.length;r++)(t=(e=s[r]).getAttribute("data-secret"))||(t=Math.random().toString(36).substring(2,12),e.src+="#?secret="+t,e.setAttribute("data-secret",t)),e.contentWindow.postMessage({message:"ready",secret:t},"*")},!1)))}(window,document);
//# sourceURL=https://clubsierradelpinar.es/wp-includes/js/wp-embed.min.js
/* ]]> */
</script>

El Centro Cultural Convento de Santo Domingo, en Alcalá de los Gazules (Cádiz) acogió el pasado viernes 21 de enero la 1ª Gala Provincial del Montañismo de la Delegación de la Federación Andaluza de Deportes de Montaña, Escalada y Senderismo (FAM), evento con el que se ha clausurado el año montañero 2021 y en el que han reconocido a las instituciones, clubes y deportistas su trayectoria y logros.
